actor of 4613923?
False
Is 21 a factor of 848033928?
True
Is 37 a factor of 26370334?
False
Is 1838 a factor of 548941644?
False
Is 631 a factor of 7641569?
False
Is 3649698450 a multiple of 50?
True
Does 42 divide 335804364?
True
Is 114 a factor of 27054366?
True
Is 2092527684 a multiple of 278?
True
Is 18857862 a multiple of 23?
False
Is 107 a factor of 169375030?
False
Is 160 a factor of 40569280?
True
Is 4408 a factor of 165260328?
True
Does 269 divide 2801029481?
True
Is 34674693 a multiple of 18?
False
Is 70867872 a multiple of 864?
True
Is 1062 a factor of 8827344?
True
Is 236496240 a multiple of 4635?
True
Is 12 a factor of 30333360?
True
Is 535149744 a multiple of 228?
True
Does 12 divide 2210556168?
True
Does 13 divide 11958799?
False
Is 150336668 a multiple of 43?
False
Does 244 divide 23612646?
False
Is 3610 a factor of 1040288788?
False
Does 186 divide 176142?
True
Is 314470944 a multiple of 708?
True
Is 8 a factor of 71305701?
False
Is 435 a factor of 1752292665?
True
Is 33388686 a multiple of 207?
True
Does 136 divide 37820935?
False
Does 2479 divide 51895386?
True
Is 76311264 a multiple of 8858?
False
Is 66483240 a multiple of 316?
True
Does 2055 divide 5049135?
True
Is 86369729 a multiple of 1501?
False
Does 44 divide 18964370?
False
Is 2619522 a multiple of 4?
False
Is 13002720 a multiple of 12?
True
Is 38071384 a multiple of 13?
True
Does 618 divide 472556267?
False
Is 4 a factor of 28894052?
True
Is 29054742 a multiple of 141?
True
Is 5518183771 a multiple of 87?
False
Does 2901 divide 270570468?
True
Does 1091 divide 321062753?
True
Does 33 divide 277281710?
False
Is 329204714 a multiple of 40?
False
Does 10 divide 190874106?
False
Is 151 a factor of 7465705?
False
Does 7 divide 17943380?
True
Is 82333597 a multiple of 2482?
False
Is 48391968 a multiple of 424?
True
Is 19 a factor of 72995331?
False
Is 179289220 a multiple of 4584?
False
Is 158 a factor of 224830268?
False
Does 208 divide 9223855?
False
Is 4948330 a multiple of 295?
True
Is 1959 a factor of 205810581?
True
Is 634 a factor of 626493137?
False
Does 883 divide 22818486?
True
Does 190 divide 173333439?
False
Is 6 a factor of 44562582?
True
Does 6895 divide 1619826295?
False
Is 5225 a factor of 1809407050?
True
Is 14075616 a multiple of 453?
True
Is 400971240 a multiple of 4?
True
Does 1105 divide 610968748?
False
Is 157374990 a multiple of 11?
False
Is 100 a factor of 16722600?
True
Does 393 divide 13084172?
False
Is 35 a factor of 214886455?
True
Is 255764530 a multiple of 5910?
False
Does 70 divide 36725250?
False
Does 770 divide 7123270?
True
Is 28093346 a multiple of 1472?
False
Is 10924330 a multiple of 112?
False
Does 46 divide 891007687?
False
Is 3461259039 a multiple of 1869?
True
Is 2475999860 a multiple of 1213?
True
Does 1173 divide 305309284?
False
Is 41204754 a multiple of 1746?
False
Is 57647505 a multiple of 145?
True
Does 692 divide 3378478?
False
Does 2200 divide 121385000?
True
Is 11 a factor of 682848956?
False
Does 15 divide 17551950?
True
Does 5863 divide 172120091?
True
Is 15894714 a multiple of 39?
False
Is 3 a factor of 518309059?
False
Does 27 divide 226487772?
True
Is 788346070 a multiple of 42?
False
Does 873 divide 11479950?
True
Is 66 a factor of 20816336?
False
Does 13 divide 5264733?
False
Is 52887532 a multiple of 107?
True
Is 127203574 a multiple of 46?
False
Does 254 divide 4303776?
True
Does 856 divide 423202120?
True
Is 37330178 a multiple of 2594?
False
Is 59605076 a multiple of 37?
True
Is 9293755 a multiple of 20?
False
Is 44529755 a multiple of 14?
False
Is 7 a factor of 10326617?
True
Is 422 a factor of 714242232?
False
Is 451329146 a multiple of 89?
True
Is 272 a factor of 70677296?
True
Is 255 a factor of 17681448?
False
Is 873 a factor of 251499951?
True
Is 4694830 a multiple of 14?
True
Does 45 divide 2125215?
True
Is 451878515 a multiple of 18?
False
Is 7 a factor of 13778330?
False
Does 528 divide 110162462?
False
Does 1095 divide 104078380?
False
Is 3478 a factor of 758040534?
True
Does 877 divide 187638535?
True
Is 57777896 a multiple of 114?
False
Does 398 divide 732646?
False
Does 4836 divide 838277076?
True
Is 30 a factor of 952970160?
True
Is 17220024 a multiple of 14?
False
Is 1119 a factor of 34448807?
False
Does 699 divide 61265253?
True
Is 412 a factor of 2683152060?
True
Does 20 divide 31087680?
True
Is 133833929 a multiple of 727?
False
Does 9 divide 3062941769?
False
Does 75 divide 254732250?
True
Is 129 a factor of 425621575?
False
Does 5292 divide 207959724?
True
Does 298 divide 6907342?
True
Is 2698 a factor of 48564000?
True
Is 1351 a factor of 2417552191?
False
Is 812 a factor of 486038028?
True
Is 75850812 a multiple of 38?
True
Does 4037 divide 3125620340?
False
Is 123866765 a multiple of 55?
True
Is 320 a factor of 796946240?
True
Is 182480336 a multiple of 404?
True
Does 41 divide 532914843?
True
Does 13 divide 51795790?
False
Does 367 divide 116105955?
True
Does 4949 divide 911972026?
True
Does 15 divide 259815?
True
Is 109 a factor of 390715405?
True
Is 36787135 a multiple of 35?
True
Is 4650836 a multiple of 16?
False
Is 455543919 a multiple of 2349?
True
Is 136 a factor of 350957248?
True
Is 161597415 a multiple of 38?
False
Is 93 a factor of 1627821776?
False
Does 28 divide 192524643?
False
Is 2887871 a multiple of 5?
False
Is 41497003 a multiple of 10?
False
Does 85 divide 18379295?
True
Is 3208 a factor of 4451169?
False
Is 2809521771 a multiple of 411?
False
Is 156994170 a multiple of 192?
False
Is 9540106 a multiple of 1012?
False
Does 3108 divide 209354988?
False
Is 278 a factor of 205754244?
False
Is 2427 a factor of 1293809005?
False
Does 9 divide 14815274?
False
Is 8 a factor of 17309184?
True
Does 67 divide 277403735?
False
Is 497 a factor of 157057467?
True
Does 80 divide 121671064?
False
Is 194340 a multiple of 15?
True
Does 198 divide 1194315210?
True
Is 1343543119 a multiple of 5459?
False
Is 10900034 a multiple of 487?
True
Does 26 divide 381472?
True
Does 1437 divide 2455338672?
True
Is 9 a factor of 21829017?
False
Is 3953797 a multiple of 190?
False
Does 15 divide 81211770?
True
Is 1179656860 a multiple of 556?
True
Does 1782 divide 32232613?
False
Does 849 divide 20854451?
False
Is 23 a factor of 20175117?
True
Is 10 a factor of 68116548?
False
Is 188793640 a multiple of 280?
True
Does 52 divide 82316363?
False
Is 52 a factor of 634589664?
False
Is 72058536 a multiple of 17?
False
Is 15 a factor of 1276912?
False
Is 15 a factor of 60982914?
False
Does 1219 divide 51207752?
True
Is 17 a factor of 163394310?
True
Does 33 divide 803175978?
True
Does 5 divide 2445428?
False
Is 17 a factor of 98607208?
True
Is 220 a factor of 120195680?
True
Is 4 a factor of 340602313?
False
Does 1169 divide 952061875?
False
Is 38 a factor of 463597?
False
Is 15 a factor of 1801227982?
False
Is 1010811326 a multiple of 6986?
True
Is 1833202 a multiple of 74?
True
Does 27 divide 6936179?
False
Is 14 a factor of 242653137?
False
Is 87 a factor of 1065425323?
False
Is 2669595285 a multiple of 133?
True
Is 1810760250 a multiple of 390?
True
Does 24 divide 4058852?
False
Does 116 divide 46928393?
False
Is 269485960 even?
True
Does 11 divide 35961945?
False
Is 1813 a factor of 84275492?
True
Is 111034188 a multiple of 37?
True
Is 31 a factor of 5157811?
True
Is 120450556 a multiple of 212?
True
Is 74553384 a multiple of 172?
False
Does 143 divide 44353236?
False
Is 23720369 a multiple of 45?
False
Is 119669120 a multiple of 496?
False
Is 3232 a factor of 89536096?
True
Does 2245 divide 26081573?
False
Is 283 a factor of 954800682?
True
Does 109 divide 48532141?
True
Does 22 divide 263608554?
True
Does 28 divide 2376088708?
True
Does 39 divide 157738269?
True
Does 3565 divide 144168210?
False
Does 434 divide 208039285?
False
Is 289 a factor of 239859018?
True
Is 439 a factor of 12018064?
True
Is 253434471 a multiple of 2876?
False
Is 67167376 a multiple of 1864?
True
Is 5 a factor of 6975537?
False
Is 1089692746 a multiple of 794?
True
Is 1246528050 a multiple of 4?
False
Is 4 a factor of 7784680?
True
Is 272 a factor of 129398288?
True
Is 1425497919 a multiple of 7?
False
Is 157 a factor of 19061402?
False
Does 83 divide 18342834?
True
Is 304762998 a multiple of 359?
True
Does 33 divide 13752